e factors of 713969?
101, 7069
List the prime factors of 10619072.
2, 277, 599
What are the prime factors of 105497?
7, 2153
List the prime factors of 3938465.
5, 37, 61, 349
List the prime factors of 360920.
2, 5, 7, 1289
What are the prime factors of 120659?
7, 11, 1567
What are the prime factors of 328903?
67, 4909
What are the prime factors of 178667?
373, 479
List the prime factors of 20681108.
2, 7, 43, 89, 193
List the prime factors of 36510441.
3, 11, 17, 151, 431
What are the prime factors of 124402?
2, 62201
List the prime factors of 1779369.
3, 19, 31, 53
What are the prime factors of 39859122?
2, 3, 499, 13313
What are the prime factors of 279590?
2, 5, 73, 383
What are the prime factors of 93901?
93901
List the prime factors of 28886543.
7, 257, 16057
List the prime factors of 29879687.
233, 128239
List the prime factors of 135537.
3, 45179
What are the prime factors of 6252190?
2, 5, 7, 89317
What are the prime factors of 97639?
251, 389
What are the prime factors of 1317874?
2, 17, 83, 467
List the prime factors of 7144034.
2, 29, 37, 3329
List the prime factors of 114372.
2, 3, 353
List the prime factors of 219110.
2, 5, 21911
List the prime factors of 2904631.
167, 17393
What are the prime factors of 8271538?
2, 11, 375979
List the prime factors of 892314.
2, 3, 89, 557
List the prime factors of 370061.
370061
What are the prime factors of 4316017?
4316017
What are the prime factors of 677281?
11, 23, 2677
What are the prime factors of 226155?
3, 5, 15077
List the prime factors of 180932.
2, 45233
List the prime factors of 6388912.
2, 419, 953
What are the prime factors of 274297?
43, 6379
List the prime factors of 1475013.
3, 23, 21377
What are the prime factors of 20577?
3, 19
What are the prime factors of 1247079?
3, 593, 701
What are the prime factors of 231558?
2, 3, 38593
What are the prime factors of 3363984?
2, 3, 13, 599
What are the prime factors of 12410540?
2, 5, 31, 37, 541
List the prime factors of 685128.
2, 3, 28547
What are the prime factors of 3825013?
29, 41, 3217
What are the prime factors of 2532411?
3, 7, 13399
List the prime factors of 11686481.
313, 37337
What are the prime factors of 1887980?
2, 5, 94399
List the prime factors of 904599.
3, 100511
List the prime factors of 1323359.
31, 42689
List the prime factors of 795197.
13, 61169
What are the prime factors of 527759?
67, 7877
What are the prime factors of 7109149?
311, 22859
What are the prime factors of 284862?
2, 3, 197, 241
What are the prime factors of 526588?
2, 47, 2801
List the prime factors of 1634286.
2, 3, 272381
What are the prime factors of 169194?
2, 3, 163, 173
What are the prime factors of 1235748?
2, 3, 29, 53, 67
What are the prime factors of 167512?
2, 20939
List the prime factors of 2866736.
2, 139, 1289
List the prime factors of 33293952.
2, 3, 28901
List the prime factors of 68235.
3, 5, 4549
What are the prime factors of 8786680?
2, 5, 7, 4483
List the prime factors of 14620743.
3, 180503
What are the prime factors of 73345?
5, 14669
What are the prime factors of 360823?
360823
What are the prime factors of 293829?
3, 97943
List the prime factors of 1133020.
2, 5, 7, 8093
What are the prime factors of 12139481?
281, 43201
List the prime factors of 119806.
2, 37, 1619
List the prime factors of 309640.
2, 5, 7741
List the prime factors of 5859467.
19, 59, 5227
What are the prime factors of 441361?
441361
What are the prime factors of 703650?
2, 3, 5, 4691
What are the prime factors of 300025?
5, 11, 1091
What are the prime factors of 3959258?
2, 19, 31, 3361
What are the prime factors of 3055552?
2, 47743
What are the prime factors of 13573739?
823, 16493
List the prime factors of 9965506.
2, 37, 134669
List the prime factors of 10690406.
2, 5345203
What are the prime factors of 233564?
2, 58391
List the prime factors of 1062396.
2, 3, 1093
List the prime factors of 16273565.
5, 7, 11, 43, 983
List the prime factors of 429628.
2, 19, 5653
What are the prime factors of 552022?
2, 276011
List the prime factors of 631171.
631171
What are the prime factors of 20056814?
2, 31, 59, 5483
List the prime factors of 1217531.
7, 173933
What are the prime factors of 517075?
5, 13, 37, 43
What are the prime factors of 2923606?
2, 7, 19, 29, 379
What are the prime factors of 1876351?
103, 18217
What are the prime factors of 785483?
785483
List the prime factors of 1396489.
331, 4219
What are the prime factors of 15786207?
3, 19, 92317
List the prime factors of 107047.
167, 641
List the prime factors of 90335.
5, 7, 29, 89
What are the prime factors of 576574?
2, 19, 15173
What are the prime factors of 225935?
5, 73, 619
List the prime factors of 1432854.
2, 3, 23, 3461
List the prime factors of 607880.
2, 5, 7, 13, 167
What are the prime factors of 123567?
3, 41189
What are the prime factors of 4112005?
5, 53, 59, 263
What are the prime factors of 510319?
510319
What are the prime factors of 2582062?
2, 7, 17, 19, 571
What are the prime factors of 489485?
5, 223, 439
List the prime factors of 8398010.
2, 5, 839801
List the prime factors of 969956.
2, 13, 23, 811
What are the prime factors of 5606348?
2, 11, 47, 2711
List the prime factors of 587166.
2, 3, 97861
List the prime factors of 936491.
19, 23, 2143
List the prime factors of 75868.
2, 13, 1459
What are the prime factors of 6594243?
3, 271, 8111
List the prime factors of 24399811.
17, 337, 4259
What are the prime factors of 336008?
2, 97, 433
List the prime factors of 912700.
2, 5, 9127
What are the prime factors of 212263?
233, 911
List the prime factors of 94514.
2, 7, 43, 157
What are the prime factors of 7872361?
7, 787, 1429
What are the prime factors of 3551245?
5, 823, 863
What are the prime factors of 1246016?
2, 19469
What are the prime factors of 220584?
2, 3, 7, 13, 101
List the prime factors of 103724.
2, 25931
List the prime factors of 1092040.
2, 5, 23, 1187
List the prime factors of 7095420.
2, 3, 5, 39419
What are the prime factors of 3166718?
2, 1583359
List the prime factors of 481954.
2, 11, 19, 1153
What are the prime factors of 906024?
2, 3, 7, 5393
What are the prime factors of 876001?
7, 23, 5441
List the prime factors of 32574248.
2, 7, 581683
What are the prime factors of 219130?
2, 5, 17, 1289
What are the prime factors of 373984?
2, 13, 29, 31
List the prime factors of 5079785.
5, 29, 53, 661
List the prime factors of 1521270.
2, 3, 5, 16903
What are the prime factors of 4754?
2, 2377
What are the prime factors of 134726?
2, 31, 41, 53
What are the prime factors of 2211463?
409, 5407
What are the prime factors of 68974?
2, 34487
What are the prime factors of 387794?
2, 11, 17627
List the prime factors of 7958615.
5, 7, 29, 7841
What are the prime factors of 460634?
2, 109, 2113
What are the prime factors of 38680986?
2, 3, 23, 280297
List the prime factors of 382030.
2, 5, 11, 23, 151
List the prime factors of 17693842.
2, 2393, 3697
What are the prime factors of 5643794?
2, 13, 217069
List the prime factors of 14766293.
37, 593, 673
What are the prime factors of 329775?
3, 5, 4397
What are the prime factors of 11744184?
2, 3, 199, 2459
What are the prime factors of 692887?
13, 53299
List the prime factors of 695338.
2, 7, 49667
List the prime factors of 1957527.
3, 11, 13
List the prime factors of 23724435.
3, 5, 7, 17, 13291
List the prime factors of 334144.
2, 23, 227
What are the prime factors of 4782649?
31, 154279
What are the prime factors of 24603?
3, 59, 139
List the prime factors of 6306.
2, 3, 1051
List the prime factors of 961842.
2, 3, 7, 22901
What are the prime factors of 882653?
882653
What are the prime factors of 5778046?
2, 2889023
What are the prime factors of 3622499?
3622499
List the prime factors of 9015322.
2, 79, 57059
What are the prime factors of 11329242?
2, 3, 17, 109, 1019
What are the prime factors of 193557?
3, 7, 13, 709
List the prime factors of 3400256.
2, 53129
What are the prime factors of 781875?
3, 5, 139
List the prime factors of 24948242.
2, 11, 31, 157, 233
What are the prime factors of 44964?
2, 3, 1249
What are the prime factors of 11776892?
2, 947, 3109
List the prime factors of 515095.
5, 7, 14717
List the prime factors of 3133496.
2, 43, 9109
What are the prime factors of 1202508?
2, 3, 33403
List the prime